er?
True
Is 60816031 a prime number?
False
Is 2812549177 prime?
False
Is 12436308847 a composite number?
False
Is 1642291661 a prime number?
True
Is 147510049 prime?
True
Is 24276454669 a prime number?
True
Is 582450343 a prime number?
True
Is 109617107 prime?
False
Is 906875987 composite?
True
Is 68659937 a prime number?
True
Is 83084411 composite?
True
Is 195703907 a composite number?
True
Is 490307393 a prime number?
True
Is 379598279 a prime number?
False
Is 92104161619 composite?
False
Is 1836257763 composite?
True
Is 26169449711 prime?
False
Is 32115623663 prime?
True
Is 492411823 a composite number?
True
Is 22984645847 a composite number?
True
Is 2042286943 composite?
False
Is 5211887069 a prime number?
True
Is 449678291 prime?
True
Is 1701594883 a composite number?
False
Is 134169697 composite?
True
Is 12020788369 a composite number?
False
Is 1481844797 a prime number?
False
Is 97289999 a prime number?
False
Is 22024725211 composite?
False
Is 904956967 a prime number?
True
Is 14198068397 a composite number?
True
Is 1489065329 a prime number?
False
Is 1293605501 a prime number?
False
Is 148191637 a composite number?
True
Is 18146834581 composite?
True
Is 4085105077 a composite number?
True
Is 1079137247 prime?
True
Is 1231560215 prime?
False
Is 11747754061 prime?
False
Is 345894361 a prime number?
False
Is 80152247 prime?
False
Is 244846416473 composite?
False
Is 27276988909 a composite number?
True
Is 1300437679 composite?
False
Is 15982801519 prime?
False
Is 18892670477 prime?
True
Is 45883827343 prime?
False
Is 18679013567 a composite number?
False
Is 8026203277 prime?
False
Is 19930260407 a composite number?
True
Is 7396229743 prime?
False
Is 306498150511 prime?
False
Is 3364784407 composite?
False
Is 3253475411 prime?
True
Is 3076094207 a composite number?
False
Is 6673432873 a composite number?
True
Is 2400196079 a composite number?
True
Is 9058889383 a composite number?
False
Is 35190502327 a composite number?
True
Is 20318404469 a composite number?
True
Is 2081330353 a composite number?
False
Is 2014590061 composite?
True
Is 931677037 a composite number?
False
Is 41494488521 prime?
False
Is 152774081 prime?
True
Is 23702561 prime?
True
Is 3594786761 a composite number?
False
Is 273895885 composite?
True
Is 296677687 a composite number?
False
Is 82482689647 composite?
False
Is 56770833027 a prime number?
False
Is 5106698263 prime?
True
Is 44255027851 a composite number?
True
Is 6272436803 prime?
False
Is 87601781 prime?
False
Is 1036872413 a composite number?
False
Is 18223453 composite?
True
Is 77476753 composite?
False
Is 61256260439 a prime number?
False
Is 4070541581 composite?
False
Is 630052543 composite?
False
Is 1549643341 a prime number?
True
Is 12458953903 composite?
True
Is 6889911137 a composite number?
False
Is 4394020181 a composite number?
False
Is 23972897197 a composite number?
True
Is 1794347183 prime?
False
Is 578943049 prime?
True
Is 12981704969 composite?
False
Is 4063832491 composite?
False
Is 2854172273 a composite number?
True
Is 22038883499 a composite number?
True
Is 2789319437 a composite number?
True
Is 507639317 a prime number?
True
Is 330470193401 a composite number?
True
Is 78749202601 a composite number?
False
Is 122178955 composite?
True
Is 504722837 a prime number?
False
Is 3035977619 composite?
False
Is 1371747409 a composite number?
False
Is 7011928667 composite?
False
Is 12965406287 a composite number?
False
Is 2571577763 prime?
True
Is 5832057631 composite?
True
Is 8051701681 composite?
False
Is 1923444203 composite?
True
Is 202547659 a composite number?
False
Is 4566911509 a prime number?
False
Is 6788016329 composite?
False
Is 445362767 composite?
False
Is 3884554127 composite?
False
Is 2302841459 prime?
True
Is 437190074 composite?
True
Is 3293560029 a composite number?
True
Is 20617819051 composite?
True
Is 77299655 a prime number?
False
Is 6081828437 a prime number?
False
Is 1646919249 prime?
False
Is 28011924649 a prime number?
True
Is 212148689 prime?
False
Is 37219960109 composite?
False
Is 1408547219 prime?
False
Is 14689007629 a prime number?
False
Is 17498569133 composite?
False
Is 7223065637 prime?
True
Is 140455600847 prime?
False
Is 265446001 a composite number?
False
Is 599058839 a composite number?
False
Is 2980879451 prime?
False
Is 653540939 composite?
False
Is 3022593215 composite?
True
Is 1519434929 prime?
False
Is 79813177537 composite?
True
Is 217910569 prime?
True
Is 189909626 composite?
True
Is 11975669903 prime?
True
Is 12882757773 prime?
False
Is 42240573565 a prime number?
False
Is 20964177107 a composite number?
False
Is 189543360971 prime?
True
Is 21465339583 a composite number?
True
Is 6474876883 a prime number?
True
Is 24909331709 composite?
False
Is 180909409 prime?
True
Is 128697622049 a prime number?
True
Is 5026087099 prime?
False
Is 11709094597 composite?
False
Is 107685151843 a prime number?
True
Is 24735689611 prime?
False
Is 14931699071 prime?
False
Is 326129339 composite?
False
Is 4991106229 prime?
True
Is 13874855 a prime number?
False
Is 56480101 prime?
True
Is 8620378163 a prime number?
False
Is 615853559 composite?
False
Is 127620983141 a composite number?
False
Is 673662581 composite?
True
Is 98203233211 composite?
True
Is 138055777 a prime number?
True
Is 427477937 prime?
False
Is 81325191511 a composite number?
False
Is 5556072229 a composite number?
True
Is 3960670409 prime?
False
Is 2396701949 a composite number?
True
Is 3643324193 composite?
False
Is 889851659 prime?
False
Is 46051972937 prime?
True
Is 69560549 prime?
False
Is 1219226959 a prime number?
True
Is 7657403537 composite?
True
Is 16034911883 composite?
False
Is 4755393691 a composite number?
False
Is 4219212593 composite?
False
Is 13278142021 composite?
True
Is 73243726271 a prime number?
True
Is 24274789963 a composite number?
True
Is 61232107 a prime number?
True
Is 3998223277 a composite number?
False
Is 40928418991 composite?
False
Is 158791681 a composite number?
False
Is 10808533 prime?
False
Is 62286479 a prime number?
True
Is 637378843 a prime number?
True
Is 160398809 composite?
True
Is 1002917473 prime?
False
Is 9352586021 composite?
True
Is 587062307 composite?
True
Is 1043464379 a prime number?
True
Is 3444074069 a composite number?
False
Is 628150673 prime?
True
Is 1977619103 composite?
False
Is 8400873631 a composite number?
False
Is 7522027 a prime number?
False
Is 2259761633 a prime number?
False
Is 112738687 a prime number?
True
Is 88613366861 a prime number?
True
Is 8262931763 a prime number?
True
Is 4665141109 a prime number?
False
Is 396163991513 prime?
True
Is 55654297 a prime number?
True
Is 4351748033 composite?
True
Is 50744879567 composite?
False
Is 8899397537 prime?
True
Is 37877461 a prime number?
False
Is 1205641727 a composite number?
False
Is 1824540689 prime?
True
Is 17925601762 a prime number?
False
Is 41280574 composite?
True
Is 5998167719 prime?
True
Is 8265133423 composite?
True
Is 4446437369 a composite number?
True
Is 1069264585 prime?
False
Is 1659562637 a prime number?
False
Is 1720662358 a composite number?
True
Is 11968576429 composite?
True
Is 590612881 prime?
False
Is 56730418093 composite?
False
Is 1283488985 composite?
True
Is 17073111467 composite?
False
Is 1163309299 composite?
True
Is 9147304531 a composite number?
False
Is 25684644473 prime?
True
Is 5753237521 a composite number?
False
Is 976977229 a prime number?
False
Is 1996109623 composite?
True
Is 130259163 composite?
True
Is 1739268413 composite?
True
Is 8417958817 composite?
False
Is 2888906321 a prime number?
False
Is 1415516411 a prime number?
True
Is 18723026095 prime?
False
Is 26980505131 a composite number?
True
Is 3797974447 a prime number?
True
Is 3477875239 composite?
False
Is 2360471159 composite?
False
Is 11275416233 a prime number?
True
Is 106600969 a prime number?
True
Is 262685779 prime?
True
Is 2214654619 a prime number?
True
Is 101565794423 a composite number?
True
Is 12071416657 a composite number?
True
Is 486021139 prime?
True
Is 1905812939 a composite number?
False
Is 31445794517 prime?
False
Is 12731727377 a prime number?
False
Is 26653618687 a prime number?
True
Is 12717113879 composite?
False
Is 1213525787 a composite number?
False
Is 11884045909 a com